{"id":48,"date":"2016-11-17T00:48:21","date_gmt":"2016-11-17T00:48:21","guid":{"rendered":"http:\/\/comiba.es\/web\/?page_id=48"},"modified":"2023-03-23T15:18:58","modified_gmt":"2023-03-23T15:18:58","slug":"inicio","status":"publish","type":"page","link":"https:\/\/comiba.es\/web\/","title":{"rendered":"INICIO"},"content":{"rendered":"\n<style type=\"text\/css\" data-created_by=\"avia_inline_auto\" id=\"style-css-av-lfl95u3i-1e6a7b866bbf747981a9d37aa7c3ede5\">\n#top .hr.hr-invisible.av-lfl95u3i-1e6a7b866bbf747981a9d37aa7c3ede5{\nmargin-top:0px;\nheight:1px;\n}\n<\/style>\n<div  class='hr av-lfl95u3i-1e6a7b866bbf747981a9d37aa7c3ede5 hr-invisible  avia-builder-el-0  el_before_av_slideshow_full  avia-builder-el-no-sibling  '><span class='hr-inner '><span class=\"hr-inner-style\"><\/span><\/span><\/div>\n<\/div><\/div><\/div><!-- close content main div --><\/div><\/div><div id='full_slider_1'  class='avia-fullwidth-slider main_color avia-shadow   avia-builder-el-1  el_after_av_hr  el_before_av_hr   slider-not-first container_wrap sidebar_right'  ><div   data-size='featured'  data-lightbox_size='large'  data-animation='slide'  data-conditional_play=''  data-ids='939,940,941,942,943'  data-video_counter='0'  data-autoplay='true'  data-bg_slider='false'  data-slide_height=''  data-handle='av_slideshow_full'  data-interval='6'  data-class=' '  data-el_id=''  data-css_id=''  data-scroll_down=''  data-control_layout='av-control-default'  data-custom_markup=''  data-perma_caption='aviaTBperma_caption'  data-autoplay_stopper=''  data-image_attachment=''  data-min_height='0px'  data-lazy_loading='disabled'  data-src=''  data-position='top left'  data-repeat='no-repeat'  data-attach='scroll'  data-stretch=''  data-default-height='28.666666666667'  class='avia-slideshow avia-slideshow-1  av-control-default av-default-height-applied avia-slideshow-featured av_slideshow_full   avia-slide-slider '  itemprop=\"image\" itemscope=\"itemscope\" itemtype=\"https:\/\/schema.org\/ImageObject\" ><ul class='avia-slideshow-inner ' style='padding-bottom: 28.666666666667%;' ><li  class=' slide-1 ' ><div data-rel='slideshow-1' class='avia-slide-wrap '   ><img decoding=\"async\" class=\"wp-image-939 avia-img-lazy-loading-not-939\"  src=\"https:\/\/comiba.es\/web\/wp-content\/uploads\/2022\/06\/SLIDER-HOME-PRINCIPAL5-1500x430.jpg\" width=\"1500\" height=\"430\" title='SLIDER-HOME-PRINCIPAL5' alt=''  itemprop=\"thumbnailUrl\" srcset=\"https:\/\/comiba.es\/web\/wp-content\/uploads\/2022\/06\/SLIDER-HOME-PRINCIPAL5-1500x430.jpg 1500w, https:\/\/comiba.es\/web\/wp-content\/uploads\/2022\/06\/SLIDER-HOME-PRINCIPAL5-350x100.jpg 350w\" sizes=\"(max-width: 1500px) 100vw, 1500px\" \/><\/div><\/li><li  class=' slide-2 ' ><div data-rel='slideshow-1' class='avia-slide-wrap '   ><img decoding=\"async\" class=\"wp-image-940 avia-img-lazy-loading-not-940\"  src=\"https:\/\/comiba.es\/web\/wp-content\/uploads\/2022\/06\/SLIDER-HOME-PRINCIPAL1-1500x430.jpg\" width=\"1500\" height=\"430\" title='SLIDER-HOME-PRINCIPAL1' alt=''  itemprop=\"thumbnailUrl\" srcset=\"https:\/\/comiba.es\/web\/wp-content\/uploads\/2022\/06\/SLIDER-HOME-PRINCIPAL1-1500x430.jpg 1500w, https:\/\/comiba.es\/web\/wp-content\/uploads\/2022\/06\/SLIDER-HOME-PRINCIPAL1-350x100.jpg 350w\" sizes=\"(max-width: 1500px) 100vw, 1500px\" \/><\/div><\/li><li  class=' slide-3 ' ><div data-rel='slideshow-1' class='avia-slide-wrap '   ><img decoding=\"async\" class=\"wp-image-941 avia-img-lazy-loading-not-941\"  src=\"https:\/\/comiba.es\/web\/wp-content\/uploads\/2022\/06\/SLIDER-HOME-PRINCIPAL2-1500x430.jpg\" width=\"1500\" height=\"430\" title='SLIDER-HOME-PRINCIPAL2' alt=''  itemprop=\"thumbnailUrl\" srcset=\"https:\/\/comiba.es\/web\/wp-content\/uploads\/2022\/06\/SLIDER-HOME-PRINCIPAL2-1500x430.jpg 1500w, https:\/\/comiba.es\/web\/wp-content\/uploads\/2022\/06\/SLIDER-HOME-PRINCIPAL2-350x100.jpg 350w\" sizes=\"(max-width: 1500px) 100vw, 1500px\" \/><\/div><\/li><li  class=' slide-4 ' ><div data-rel='slideshow-1' class='avia-slide-wrap '   ><img decoding=\"async\" class=\"wp-image-942 avia-img-lazy-loading-not-942\"  src=\"https:\/\/comiba.es\/web\/wp-content\/uploads\/2022\/06\/SLIDER-HOME-PRINCIPAL3-1500x430.jpg\" width=\"1500\" height=\"430\" title='SLIDER-HOME-PRINCIPAL3' alt=''  itemprop=\"thumbnailUrl\" srcset=\"https:\/\/comiba.es\/web\/wp-content\/uploads\/2022\/06\/SLIDER-HOME-PRINCIPAL3-1500x430.jpg 1500w, https:\/\/comiba.es\/web\/wp-content\/uploads\/2022\/06\/SLIDER-HOME-PRINCIPAL3-350x100.jpg 350w\" sizes=\"(max-width: 1500px) 100vw, 1500px\" \/><\/div><\/li><li  class=' slide-5 ' ><div data-rel='slideshow-1' class='avia-slide-wrap '   ><img decoding=\"async\" class=\"wp-image-943 avia-img-lazy-loading-not-943\"  src=\"https:\/\/comiba.es\/web\/wp-content\/uploads\/2022\/06\/SLIDER-HOME-PRINCIPAL4-1500x430.jpg\" width=\"1500\" height=\"430\" title='SLIDER-HOME-PRINCIPAL4' alt=''  itemprop=\"thumbnailUrl\" srcset=\"https:\/\/comiba.es\/web\/wp-content\/uploads\/2022\/06\/SLIDER-HOME-PRINCIPAL4-1500x430.jpg 1500w, https:\/\/comiba.es\/web\/wp-content\/uploads\/2022\/06\/SLIDER-HOME-PRINCIPAL4-350x100.jpg 350w\" sizes=\"(max-width: 1500px) 100vw, 1500px\" \/><\/div><\/li><\/ul><div class='avia-slideshow-arrows avia-slideshow-controls' ><a href='#prev' class='prev-slide ' aria-hidden='true' data-av_icon='\ue87c' data-av_iconfont='entypo-fontello' aria-hidden='true' tabindex='-1'>Anterior<\/a><a href='#next' class='next-slide ' aria-hidden='true' data-av_icon='\ue87d' data-av_iconfont='entypo-fontello' aria-hidden='true' tabindex='-1'>Posterior<\/a><\/div><div class='avia-slideshow-dots avia-slideshow-controls'><a href='#1' class='goto-slide active' >1<\/a><a href='#2' class='goto-slide ' >2<\/a><a href='#3' class='goto-slide ' >3<\/a><a href='#4' class='goto-slide ' >4<\/a><a href='#5' class='goto-slide ' >5<\/a><\/div><\/div><\/div><div id='after_full_slider_1'  class='main_color av_default_container_wrap container_wrap sidebar_right'  ><div class='container av-section-cont-open' ><div class='template-page content  av-content-small alpha units'><div class='post-entry post-entry-type-page post-entry-48'><div class='entry-content-wrapper clearfix'>\n\n<style type=\"text\/css\" data-created_by=\"avia_inline_auto\" id=\"style-css-av-9q6wk-99f30c675cc8c18de12e9302907f0439\">\n#top .hr.hr-invisible.av-9q6wk-99f30c675cc8c18de12e9302907f0439{\nmargin-top:0px;\nheight:1px;\n}\n<\/style>\n<div  class='hr av-9q6wk-99f30c675cc8c18de12e9302907f0439 hr-invisible  avia-builder-el-2  el_after_av_slideshow_full  el_before_av_one_full  avia-builder-el-first  '><span class='hr-inner '><span class=\"hr-inner-style\"><\/span><\/span><\/div>\n<div class='flex_column av-ubuw-4aa1c7a68eb5eb5da0269fd9955c963e av_one_full  avia-builder-el-3  el_after_av_hr  avia-builder-el-last  first flex_column_div '   ><p>\n<style type=\"text\/css\" data-created_by=\"avia_inline_auto\" id=\"style-css-av-l3obmoip-ac816ba8f2a9a81452cf481726512094\">\n#top .av-special-heading.av-l3obmoip-ac816ba8f2a9a81452cf481726512094{\npadding-bottom:10px;\n}\n<\/style>\n<div  class='av-special-heading av-l3obmoip-ac816ba8f2a9a81452cf481726512094 av-special-heading-h2 blockquote modern-quote modern-centered  avia-builder-el-4  el_before_av_textblock  avia-builder-el-first  '><h2 class='av-special-heading-tag '  itemprop=\"headline\"  >Qui\u00e9nes somos<\/h2><div class='special-heading-border'><div class='special-heading-inner-border'><\/div><\/div><\/div><br \/>\n<section class=\"av_textblock_section \"  itemscope=\"itemscope\" itemtype=\"https:\/\/schema.org\/CreativeWork\" ><div class='avia_textblock  '   itemprop=\"text\" ><p class=\"p1\">En 1988 Don Miguel Nebot decidi\u00f3 plasmar su experiencia y pasi\u00f3n por el mundo del audio fundando COMIBA, una peque\u00f1a empresa familiar que nace del deseo de brindar un servicio cercano y profesional a los clientes poniendo a su alcance las mejores marcas.<\/p>\n<p class=\"p1\">En 2007, Juan Nebot crea Distribuciones COMIBA sumando todo lo aprendido al haber crecido en este mundo, lo que da como resultado m\u00e1s de 30 a\u00f1os de experiencia a disposici\u00f3n de los antiguos y nuevos clientes que siguen recibiendo ese trato cercano y personalizado para cubrir cualquiera de sus necesidades.<\/p>\n<\/div><\/section><\/p><\/div>\n","protected":false},"excerpt":{"rendered":"","protected":false},"author":1,"featured_media":0,"parent":0,"menu_order":0,"comment_status":"closed","ping_status":"closed","template":"","meta":{"footnotes":""},"yoast_head":"<!-- This site is optimized with the Yoast SEO plugin v23.5 - https:\/\/yoast.com\/wordpress\/plugins\/seo\/ -->\n<title>INICIO - Comiba.es<\/title>\n<meta name=\"description\" content=\"En 1988 Don Miguel Nebot decidi\u00f3 plasmar su experiencia y pasi\u00f3n por el mundo del audio fundando COMIBA, una peque\u00f1a empresa familiar que nace del deseo de brindar un servicio cercano y profesional a los clientes poniendo a su alcance las mejores marcas.\" \/>\n<meta name=\"robots\" content=\"index, follow, max-snippet:-1, max-image-preview:large, max-video-preview:-1\" \/>\n<link rel=\"canonical\" href=\"https:\/\/comiba.es\/web\/inicio\/\" \/>\n<meta property=\"og:locale\" content=\"es_ES\" \/>\n<meta property=\"og:type\" content=\"article\" \/>\n<meta property=\"og:title\" content=\"INICIO - Comiba.es\" \/>\n<meta property=\"og:description\" content=\"En 1988 Don Miguel Nebot decidi\u00f3 plasmar su experiencia y pasi\u00f3n por el mundo del audio fundando COMIBA, una peque\u00f1a empresa familiar que nace del deseo de brindar un servicio cercano y profesional a los clientes poniendo a su alcance las mejores marcas.\" \/>\n<meta property=\"og:url\" content=\"https:\/\/comiba.es\/web\/inicio\/\" \/>\n<meta property=\"og:site_name\" content=\"Comiba.es\" \/>\n<meta property=\"article:publisher\" content=\"https:\/\/www.facebook.com\/Distribuciones-Comiba-426337887489214\" \/>\n<meta property=\"article:modified_time\" content=\"2023-03-23T15:18:58+00:00\" \/>\n<meta name=\"twitter:card\" content=\"summary_large_image\" \/>\n<meta name=\"twitter:label1\" content=\"Tiempo de lectura\" \/>\n\t<meta name=\"twitter:data1\" content=\"7 minutos\" \/>\n<script type=\"application\/ld+json\" class=\"yoast-schema-graph\">{\"@context\":\"https:\/\/schema.org\",\"@graph\":[{\"@type\":\"WebPage\",\"@id\":\"https:\/\/comiba.es\/web\/inicio\/\",\"url\":\"https:\/\/comiba.es\/web\/inicio\/\",\"name\":\"INICIO - Comiba.es\",\"isPartOf\":{\"@id\":\"https:\/\/comiba.es\/web\/#website\"},\"datePublished\":\"2016-11-17T00:48:21+00:00\",\"dateModified\":\"2023-03-23T15:18:58+00:00\",\"description\":\"En 1988 Don Miguel Nebot decidi\u00f3 plasmar su experiencia y pasi\u00f3n por el mundo del audio fundando COMIBA, una peque\u00f1a empresa familiar que nace del deseo de brindar un servicio cercano y profesional a los clientes poniendo a su alcance las mejores marcas.\",\"breadcrumb\":{\"@id\":\"https:\/\/comiba.es\/web\/inicio\/#breadcrumb\"},\"inLanguage\":\"es\",\"potentialAction\":[{\"@type\":\"ReadAction\",\"target\":[\"https:\/\/comiba.es\/web\/inicio\/\"]}]},{\"@type\":\"BreadcrumbList\",\"@id\":\"https:\/\/comiba.es\/web\/inicio\/#breadcrumb\",\"itemListElement\":[{\"@type\":\"ListItem\",\"position\":1,\"name\":\"Portada\",\"item\":\"https:\/\/comiba.es\/web\/inicio\/\"},{\"@type\":\"ListItem\",\"position\":2,\"name\":\"INICIO\"}]},{\"@type\":\"WebSite\",\"@id\":\"https:\/\/comiba.es\/web\/#website\",\"url\":\"https:\/\/comiba.es\/web\/\",\"name\":\"Comiba.es\",\"description\":\"Distribuidor autorizado de productos audiovisuales &amp; car audio.\",\"publisher\":{\"@id\":\"https:\/\/comiba.es\/web\/#organization\"},\"potentialAction\":[{\"@type\":\"SearchAction\",\"target\":{\"@type\":\"EntryPoint\",\"urlTemplate\":\"https:\/\/comiba.es\/web\/?s={search_term_string}\"},\"query-input\":{\"@type\":\"PropertyValueSpecification\",\"valueRequired\":true,\"valueName\":\"search_term_string\"}}],\"inLanguage\":\"es\"},{\"@type\":\"Organization\",\"@id\":\"https:\/\/comiba.es\/web\/#organization\",\"name\":\"Comiba.es\",\"url\":\"https:\/\/comiba.es\/web\/\",\"logo\":{\"@type\":\"ImageObject\",\"inLanguage\":\"es\",\"@id\":\"https:\/\/comiba.es\/web\/#\/schema\/logo\/image\/\",\"url\":\"https:\/\/comiba.es\/web\/wp-content\/uploads\/2023\/03\/logo-portada.png\",\"contentUrl\":\"https:\/\/comiba.es\/web\/wp-content\/uploads\/2023\/03\/logo-portada.png\",\"width\":191,\"height\":127,\"caption\":\"Comiba.es\"},\"image\":{\"@id\":\"https:\/\/comiba.es\/web\/#\/schema\/logo\/image\/\"},\"sameAs\":[\"https:\/\/www.facebook.com\/Distribuciones-Comiba-426337887489214\",\"https:\/\/www.instagram.com\/distribuciones_comiba\/?hl=es\"]}]}<\/script>\n<!-- \/ Yoast SEO plugin. -->","yoast_head_json":{"title":"INICIO - Comiba.es","description":"En 1988 Don Miguel Nebot decidi\u00f3 plasmar su experiencia y pasi\u00f3n por el mundo del audio fundando COMIBA, una peque\u00f1a empresa familiar que nace del deseo de brindar un servicio cercano y profesional a los clientes poniendo a su alcance las mejores marcas.","robots":{"index":"index","follow":"follow","max-snippet":"max-snippet:-1","max-image-preview":"max-image-preview:large","max-video-preview":"max-video-preview:-1"},"canonical":"https:\/\/comiba.es\/web\/inicio\/","og_locale":"es_ES","og_type":"article","og_title":"INICIO - Comiba.es","og_description":"En 1988 Don Miguel Nebot decidi\u00f3 plasmar su experiencia y pasi\u00f3n por el mundo del audio fundando COMIBA, una peque\u00f1a empresa familiar que nace del deseo de brindar un servicio cercano y profesional a los clientes poniendo a su alcance las mejores marcas.","og_url":"https:\/\/comiba.es\/web\/inicio\/","og_site_name":"Comiba.es","article_publisher":"https:\/\/www.facebook.com\/Distribuciones-Comiba-426337887489214","article_modified_time":"2023-03-23T15:18:58+00:00","twitter_card":"summary_large_image","twitter_misc":{"Tiempo de lectura":"7 minutos"},"schema":{"@context":"https:\/\/schema.org","@graph":[{"@type":"WebPage","@id":"https:\/\/comiba.es\/web\/inicio\/","url":"https:\/\/comiba.es\/web\/inicio\/","name":"INICIO - Comiba.es","isPartOf":{"@id":"https:\/\/comiba.es\/web\/#website"},"datePublished":"2016-11-17T00:48:21+00:00","dateModified":"2023-03-23T15:18:58+00:00","description":"En 1988 Don Miguel Nebot decidi\u00f3 plasmar su experiencia y pasi\u00f3n por el mundo del audio fundando COMIBA, una peque\u00f1a empresa familiar que nace del deseo de brindar un servicio cercano y profesional a los clientes poniendo a su alcance las mejores marcas.","breadcrumb":{"@id":"https:\/\/comiba.es\/web\/inicio\/#breadcrumb"},"inLanguage":"es","potentialAction":[{"@type":"ReadAction","target":["https:\/\/comiba.es\/web\/inicio\/"]}]},{"@type":"BreadcrumbList","@id":"https:\/\/comiba.es\/web\/inicio\/#breadcrumb","itemListElement":[{"@type":"ListItem","position":1,"name":"Portada","item":"https:\/\/comiba.es\/web\/inicio\/"},{"@type":"ListItem","position":2,"name":"INICIO"}]},{"@type":"WebSite","@id":"https:\/\/comiba.es\/web\/#website","url":"https:\/\/comiba.es\/web\/","name":"Comiba.es","description":"Distribuidor autorizado de productos audiovisuales &amp; car audio.","publisher":{"@id":"https:\/\/comiba.es\/web\/#organization"},"potentialAction":[{"@type":"SearchAction","target":{"@type":"EntryPoint","urlTemplate":"https:\/\/comiba.es\/web\/?s={search_term_string}"},"query-input":{"@type":"PropertyValueSpecification","valueRequired":true,"valueName":"search_term_string"}}],"inLanguage":"es"},{"@type":"Organization","@id":"https:\/\/comiba.es\/web\/#organization","name":"Comiba.es","url":"https:\/\/comiba.es\/web\/","logo":{"@type":"ImageObject","inLanguage":"es","@id":"https:\/\/comiba.es\/web\/#\/schema\/logo\/image\/","url":"https:\/\/comiba.es\/web\/wp-content\/uploads\/2023\/03\/logo-portada.png","contentUrl":"https:\/\/comiba.es\/web\/wp-content\/uploads\/2023\/03\/logo-portada.png","width":191,"height":127,"caption":"Comiba.es"},"image":{"@id":"https:\/\/comiba.es\/web\/#\/schema\/logo\/image\/"},"sameAs":["https:\/\/www.facebook.com\/Distribuciones-Comiba-426337887489214","https:\/\/www.instagram.com\/distribuciones_comiba\/?hl=es"]}]}},"_links":{"self":[{"href":"https:\/\/comiba.es\/web\/wp-json\/wp\/v2\/pages\/48"}],"collection":[{"href":"https:\/\/comiba.es\/web\/wp-json\/wp\/v2\/pages"}],"about":[{"href":"https:\/\/comiba.es\/web\/wp-json\/wp\/v2\/types\/page"}],"author":[{"embeddable":true,"href":"https:\/\/comiba.es\/web\/wp-json\/wp\/v2\/users\/1"}],"replies":[{"embeddable":true,"href":"https:\/\/comiba.es\/web\/wp-json\/wp\/v2\/comments?post=48"}],"version-history":[{"count":55,"href":"https:\/\/comiba.es\/web\/wp-json\/wp\/v2\/pages\/48\/revisions"}],"predecessor-version":[{"id":1430,"href":"https:\/\/comiba.es\/web\/wp-json\/wp\/v2\/pages\/48\/revisions\/1430"}],"wp:attachment":[{"href":"https:\/\/comiba.es\/web\/wp-json\/wp\/v2\/media?parent=48"}],"curies":[{"name":"wp","href":"https:\/\/api.w.org\/{rel}","templated":true}]}}